 remainder when 8 is divided by k(i).
0
Let w be (4*(-90)/(-21))/(12/462). Suppose 57*l = 24*l + w. What is the remainder when 50 is divided by l?
10
Suppose i + 0 = 4. Let b(c) be the second derivative of c**5/10 - c**4/2 + c**3/3 - 4*c**2 + 265*c. Calculate the remainder when b(i) is divided by 6.
2
Suppose 0 = -5*r - 5*g + 150, 2*r + g - 562 = -509. Suppose w - 169 = -4*b, -4*w - 2*b + b = -631. Calculate the remainder when w is divided by r.
19
Suppose -5*t - 24 = -2*s, 0 = 5*s - 4*t - 0*t - 43. Let k be (-34)/(-6) + s/21. Suppose -16*p + k*p = -310. Calculate the remainder when 119 is divided by p.
26
Let j be (-2)/2 - -5 - 4. Let y(c) = c**2 + 6*c + 1. Let q = -53 + 55. Calculate the remainder when q is divided by y(j).
0
Let h = -41 + 12. Let t = h + 80. What is the remainder when t is divided by (-1)/((-9)/240) - (-7)/21?
24
Let b(k) = -k**3 - 5*k**2 - 24*k - 11. Let j be b(-5). Let l = j - 72. Calculate the remainder when l is divided by 8.
5
Let r = 22449 + -22448. Let g = -6 + 8. Suppose -g*u = -u - 10. Calculate the remainder when u is divided by r.
0
Let c be (-6 - 9)*18/(-20)*12. Let k = -107 + c. Calculate the remainder when 103 is divided by k.
48
Suppose 1369*s + 4462 = 1373*s + 794. What is the remainder when s is divided by 205?
97
Suppose -19*g + 17*g = -2. Let y be g/((-1)/(-5)*(-25)/(-10)). Let j(n) = 11*n - 6. Calculate the remainder when 31 is divided by j(y).
15
Let d(n) = -4*n**2 - 163*n - 100. Calculate the remainder when 146 is divided by d(-40).
6
Let t(o) = -32*o + 997. What is the remainder when 1804 is divided by t(30)?
28
Let m = 718 - 161. Let q = m - 391. Let v(a) = 7*a**2 - 12*a + 1. What is the remainder when q is divided by v(3)?
26
Suppose -28*h + 83 = 4*d - 37*h, -d + 12 = -4*h. Calculate the remainder when 2430 is divided by d.
30
Suppose -14 = -5*r + 6. Suppose 4*k = 3*f - 62, 4*f - r*k = 67 + 13. Let x = f - 2. What is the remainder when x is divided by 9?
7
What is the remainder when 236 is divided by (-16)/(-56) + (-4770)/(-63)?
8
Suppose s = -153*k + 156*k - 644, k - 220 = -5*s. Calculate the remainder when k is divided by 120.
95
Let v(z) = 85*z - 686. Calculate the remainder when v(25) is divided by 5.
4
Let n(h) be the third derivative of -h**5/60 + 3*h**4/8 - 5*h**3/3 - 14*h**2. Let b = 80 - 27. What is the remainder when b is divided by n(6)?
5
Suppose 0 = 2*s - n - 149, 1343*s - 1338*s - 418 = -4*n. What is the remainder when 390 is divided by s?
0
Let h(p) = p**2 + 13*p + 66. Let z be h(-15). Let d = z - 96. Suppose d = 14*q - 5*q - 342. What is the remainder when q is divided by 7?
3
Let p be 22 - -8 - (1 - -4). Let h = p - -43. Calculate the remainder when 267 is divided by h.
63
Let s be 14 + -15 + -1 + -5 + 0. Let d = -7 - s. Suppose d = -2*z + 435 + 13. What is the remainder when z is divided by 45?
44
Let a = -2156 - -3732. Let y = 26 + -48. Calculate the remainder when a/44 + (-4)/y is divided by 13.
10
Calculate the remainder when (-10 - 486/(-45)) + 2661/5 + 2 is divided by 20.
15
Let p = 3130 + -3044. Calculate the remainder when 337 is divided by p.
79
Let h be (38 - 37)/((-1)/(-4)*1). Suppose -s + h*r = 11, 3*r + 6 = -2*s + 28. Calculate the remainder when 53 is divided by s.
3
Suppose 0 = 55*u + 5*u + 8*u - 137360. What is the remainder when u is divided by 75?
70
Let s be (0 + 0)/(0 + (2 - 1)). Let t = s - -10. Suppose -9*h - 49 = -t*h. Calculate the remainder when h is divided by 26.
23
Let m = -653 - -661. Suppose -2*v + 111 = v. What is the remainder when v is divided by m?
5
Let i = 28703 - 28610. What is the remainder when 289 is divided by i?
10
Suppose 39 = -4*s + w + 425, -2*s = -w - 192. Let x = 193 + 110. Let r = -292 + x. What is the remainder when s is divided by r?
9
Suppose -67*x + 3161 + 256 = 0. What is the remainder when x is divided by 3?
0
What is the remainder when 145 is divided by ((-3)/2)/(78/(-104)) - -4?
1
Let z be (1004/(-8) - 7)*(-8)/10. Suppose 16 = -4*t, -3*r + 2*t - z = -6*r. What is the remainder when 263 is divided by r?
35
Calculate the remainder when 267 is divided by -145*(196/(-35))/14.
35
Let r(x) = -x**3 + 7*x**2 - 3*x + 7. Let b = -48 - -36. Let s be b/(-9)*9/3. Calculate the remainder when 169 is divided by r(s).
40
Suppose -2*p + 4*p = 8, 2*p = -z + 48. Let r(o) = 3*o**2 + 11*o + 14. Let m(w) = 4*w + 20. Let v be m(-7). Calculate the remainder when r(v) is divided by z.
38
Let y(r) = 6*r**2 - 60. What is the remainder when 170 is divided by y(5)?
80
Let m(t) = 1654*t**3 - t**2 - 116*t + 118. What is the remainder when m(1) is divided by 32?
23
Let p(q) = -2*q**3 + 2*q**2 + q + 2. Suppose 209*i - 213*i + 188 = 0. What is the remainder when i is divided by p(-2)?
23
Let r(m) = -31*m - 29. Suppose 11*k - 180 = -k. What is the remainder when r(-12) is divided by k?
13
Suppose -40*u = -19977 + 3457. Calculate the remainder when 419 is divided by u.
6
Let k = 22007 + -21902. Calculate the remainder when 20053 is divided by k.
103
Suppose 5484*s - 25740 = 5424*s. Calculate the remainder when 1720 is divided by s.
4
Let d be (16/6)/(6/9). Suppose 196 = 3*y + d*y. Let u = y - 16. What is the remainder when 34 is divided by u?
10
Suppose 0 = 3*h + 3*s + 15, -3*h - h = -2*s + 44. Let n(f) = 4*f**2 + 31*f + 1. Let j(b) = -28*b - 6. Calculate the remainder when j(-5) is divided by n(h).
42
Suppose -483*x + 456*x = -26676. What is the remainder when x is divided by 64?
28
Let o = 5756 - 4456. What is the remainder when o is divided by 14?
12
Let o(p) = -5 + 26 + 148*p - 18. Let h = -1 - -2. Calculate the remainder when o(h) is divided by 22.
19
Let m(a) = 9*a**3 + 4*a**2 + 5*a. Let f be m(-1). Let y(l) = 4*l + 53. What is the remainder when 61 is divided by y(f)?
9
Suppose 214 = -19*a + 765. Suppose a = 3*q + 17. Calculate the remainder when 30 is divided by q.
2
Suppose -27*c + 83889 = 20413 - 49222. What is the remainder when c is divided by 135?
124
What is the remainder when (-25)/(-25)*(-3 + 235) is divided by 18?
16
Calculate the remainder when 638 is divided by 349 + -14 + -21 - (-1)/2*-10.
20
Suppose 0 = -10*x - 7625 + 26085. Calculate the remainder when x is divided by 28.
26
Suppose -2*m = -4*o - m + 122, -2*m = 4. Let p be (-504)/35 + 6/(-10). Let t = o + p. Calculate the remainder when 40 is divided by t.
10
Suppose -31*b + 4411 = -15863. Calculate the remainder when b is divided by 131.
130
What is the remainder when 2739 is divided by 41 + (-25)/((-325)/156) + -17?
3
Suppose 230*v = 227*v - 9. Let f(m) = -4*m**3 - m**2 - 4*m + 3. Calculate the remainder when f(v) is divided by 40.
34
Let v = 1379 + -1328. Let t(r) = 7*r**2 - 2*r + 2. What is the remainder when v is divided by t(2)?
25
Let i(z) = 2*z**2 - 10*z + 4. Let s = 77925 - 77911. What is the remainder when i(8) is divided by s?
10
Let t = 499 + -106. What is the remainder when t/5 - 8*(-12)/240 is divided by 42?
37
Let r = 5669 - 5510. Calculate the remainder when 473 is divided by r.
155
Suppose 6*l = -3*o + 267, l + 32 = -2*o + 225. Calculate the remainder when 590 is divided by o.
95
Let j be 56/(-24) + 4/3. Let g(n) = 32*n**2 + n - 2. Calculate the remainder when 347 is divided by g(j).
28
Suppose 353*s + 194*s - 79315 = 0. Calculate the remainder when 1606 is divided by s.
11
Suppose 65 = 8*l - 95. Calculate the remainder when 197 is divided by l.
17
Suppose -56808 + 160325 = 165*q - 59998. What is the remainder when q is divided by 32?
31
Let u = 11 - 19. Let w = 29 + u. Suppose 0 = -14*b + 41 + 113. Calculate the remainder when w is divided by b.
10
Suppose 8*y + 257 - 273 = 0. Suppose t - 5*o + 9 + 3 = 0, o - 12 = -3*t. Suppose -t*c - y = -50. Calculate the remainder when c is divided by 15.
1
Let i be (-33)/(-12) - ((-6)/2)/12. Suppose 3*p - 70 = i*z - 16, 38 = 2*p - 3*z. What is the remainder when 156 is divided by p?
12
Suppose -2*y + 5492*u = 5497*u - 413, -5*y + 5*u + 910 = 0. What is the remainder when 582 is divided by y?
15
Let o(b) = -b**2 - 10*b - 1. Let a be o(-7). Let h be a*1 + (-52)/(-26). Let j = h - 8. What is the remainder when 36 is divided by j?
8
Calculate the remainder when 1 + 4323/6 + 681/454 is divided by 25.
23
Suppose -5*a = -f + 321, 5*f - 1545 = 5*a - 10*a. Let y = f - 291. Calculate the remainder when 53 is divided by y.
13
Let r(z) = 73*z